housands digit of 259439?
9
What is the hundreds digit of 1008184?
1
What is the units digit of 674999?
9
What is the hundreds digit of 3522711?
7
What is the ten thousands digit of 444404?
4
What is the tens digit of 124940?
4
What is the units digit of 333257?
7
What is the ten thousands digit of 23672768?
7
What is the thousands digit of 204868?
4
What is the hundreds digit of 154781?
7
What is the thousands digit of 765607?
5
What is the units digit of 134449?
9
What is the units digit of 23648?
8
What is the tens digit of 18542016?
1
What is the hundreds digit of 198337?
3
What is the tens digit of 1925609?
0
What is the units digit of 41209612?
2
What is the tens digit of 3443?
4
What is the hundreds digit of 641555?
5
What is the ten millions digit of 24334830?
2
What is the millions digit of 9931907?
9
What is the units digit of 7241373?
3
What is the thousands digit of 7625961?
5
What is the ten thousands digit of 287003?
8
What is the hundreds digit of 903614?
6
What is the units digit of 183443?
3
What is the hundred thousands digit of 2067115?
0
What is the ten millions digit of 31863573?
3
What is the ten thousands digit of 8501545?
0
What is the hundreds digit of 1082660?
6
What is the units digit of 93588?
8
What is the hundreds digit of 372714?
7
What is the tens digit of 198829?
2
What is the thousands digit of 2558952?
8
What is the tens digit of 8221350?
5
What is the units digit of 4648792?
2
What is the hundreds digit of 127319?
3
What is the tens digit of 5602?
0
What is the ten thousands digit of 475626?
7
What is the ten millions digit of 20241214?
2
What is the units digit of 4802149?
9
What is the thousands digit of 402358?
2
What is the hundreds digit of 320032?
0
What is the thousands digit of 80885?
0
What is the tens digit of 7266209?
0
What is the tens digit of 164258?
5
What is the ten millions digit of 29720184?
2
What is the thousands digit of 10803634?
3
What is the ten thousands digit of 109322?
0
What is the units digit of 8322305?
5
What is the hundred thousands digit of 1100703?
1
What is the thousands digit of 29949825?
9
What is the ten millions digit of 13019616?
1
What is the ten thousands digit of 289518?
8
What is the units digit of 5484723?
3
What is the thousands digit of 558155?
8
What is the thousands digit of 31655?
1
What is the hundreds digit of 284282?
2
What is the hundred thousands digit of 943685?
9
What is the thousands digit of 7625?
7
What is the ten thousands digit of 301597?
0
What is the hundreds digit of 11626468?
4
What is the ten thousands digit of 1325863?
2
What is the hundred thousands digit of 2372421?
3
What is the ten thousands digit of 1279167?
7
What is the thousands digit of 5096378?
6
What is the tens digit of 8962311?
1
What is the millions digit of 1156733?
1
What is the thousands digit of 1224718?
4
What is the ten thousands digit of 99381?
9
What is the tens digit of 132575?
7
What is the tens digit of 981552?
5
What is the hundreds digit of 1549585?
5
What is the hundred thousands digit of 502346?
5
What is the hundreds digit of 9616?
6
What is the thousands digit of 196429?
6
What is the ten thousands digit of 853175?
5
What is the units digit of 2089396?
6
What is the hundreds digit of 834293?
2
What is the ten thousands digit of 154982?
5
What is the tens digit of 413302?
0
What is the tens digit of 333877?
7
What is the hundred thousands digit of 360358?
3
What is the ten thousands digit of 144041?
4
What is the ten thousands digit of 2005854?
0
What is the ten thousands digit of 13381712?
8
What is the ten thousands digit of 450619?
5
What is the hundreds digit of 5314797?
7
What is the hundred thousands digit of 9369491?
3
What is the thousands digit of 217470?
7
What is the millions digit of 6978626?
6
What is the tens digit of 335501?
0
What is the hundreds digit of 1336927?
9
What is the units digit of 2248345?
5
What is the units digit of 1067646?
6
What is the ten thousands digit of 3125617?
2
What is the thousands digit of 2413071?
3
What is the tens digit of 89810?
1
What is the ten millions digit of 14891403?
1
What is the hundred thousands digit of 3333436?
3
What is the thousands digit of 1555643?
5
What is the hundred thousands digit of 751762?
7
What is the thousands digit of 1199288?
9
What is the millions digit of 22019652?
2
What is the thousands digit of 31029237?
9
What is the hundreds digit of 3541763?
7
What is the hundreds digit of 277376?
3
What is the hundred thousands digit of 3239094?
2
What is the ten millions digit of 10109562?
1
What is the thousands digit of 641539?
1
What is the units digit of 297842?
2
What is the thousands digit of 49676?
9
What is the hundreds digit of 125625?
6
What is the units digit of 452555?
5
What is the units digit of 1289568?
8
What is the hundred thousands digit of 13072352?
0
What is the ten thousands digit of 6027186?
2
What is the units digit of 28384?
4
What is the tens digit of 3725149?
4
What is the hundred thousands digit of 9883699?
8
What is the hundred thousands digit of 892268?
8
What is the thousands digit of 27515067?
5
What is the ten thousands digit of 233745?
3
What is the tens digit of 12895307?
0
What is the units digit of 30120?
0
What is the hundreds digit of 988329?
3
What is the units digit of 394461?
1
What is the thousands digit of 138021?
8
What is the hundreds digit of 1292424?
4
What is the hundreds digit of 1051866?
8
What is the units digit of 4800746?
6
What is the hundreds digit of 3120657?
6
What is the hundreds digit of 38932?
9
What is the hundred thousands digit of 1034939?
0
What is the ten thousands digit of 114959?
1
What is the tens digit of 3872767?
6
What is the ten thousands digit of 1987005?
8
What is the hundred thousands digit of 389005?
3
What is the hundreds digit of 131265?
2
What is the hundreds digit of 7565320?
3
What is the hundred thousands digit of 715817?
7
What is the ten thousands digit of 10338522?
3
What is the tens digit of 85153?
5
What is the units digit of 7667372?
2
What is the ten thousands digit of 568923?
6
What is the units digit of 111185?
5
What is the hundred thousands digit of 129003?
1
What is the hundreds digit of 932856?
8
What is the hundreds digit of 19425259?
2
What is the hundred thousands digit of 112998?
1
What is the units digit of 345139?
9
What is the hundreds digit of 2161479?
4
What is the hundreds digit of 536691?
6
What is the hundred thousands digit of 154307?
1
What is the hundreds digit of 141086?
0
What is the units digit of 1170453?
3
What is the millions digit of 8242517?
8
What is the ten millions digit of 11982259?
1
What is the hundreds digit of 232991?
9
What is the hundred thousands digit of 243230?
2
What is the hundred thousands digit of 215940?
2
What is the hundred thousands digit of 3120277?
1
What is the millions digit of 3104048?
3
What is the units digit of 3052004?
4
What is the hundred thousands digit of 459897?
4
What is the hundreds digit of 46470?
4
What is the hundreds digit of 1152228?
2
What is the units digit of 264955?
5
What is the hundred thousands digit of 373470?
3
What is the thousands digit of 16689340?
9
What is the hundreds digit of 232578?
5
What is the hundred thousands digit of 942419?
9
What is the hundreds digit of 143812?
8
What is the hundreds digit of 281068?
0
What is the hundreds digit of 362044?
0
What is the hundreds digit of 97866?
8
What is the hundred thousands digit of 5250357?
2
What is the hundreds digit of 1745946?
9
What is the units digit of 49277?
7
What is the ten millions digit of 11934375?
1
What is the hundreds digit of 1018099?
0
What is the ten thousands digit of 6274265?
7
What is the tens digit of 1093484?
8
What is the thousands digit of 24530311?
0
What is the ten thousands digit of 17730992?
3
What is the ten thousands digit of 15352489?
5
What is the units digit of 138501?
1
What is the units digit of 173798?
8
What is the thousands digit of 330462?
0
What is the hundreds digit of 20972030?
0
What is the millions digit of 9467463?
9
What is the hundreds digit of 214264?
2
What is the tens digit of 15438585?
8
What is the thousands digit of 3743226?
3
What is the units digit of 422598?
8
What is the hundred thousands digit of 313682?
3
What i